07
List the prime factors of 83130.
2, 3, 5, 17, 163
What are the prime factors of 17628060?
2, 3, 5, 79, 3719
What are the prime factors of 95716?
2, 23929
What are the prime factors of 22939368?
2, 3, 955807
What are the prime factors of 3866088?
2, 3, 161087
What are the prime factors of 3726704?
2, 232919
What are the prime factors of 4079894?
2, 7, 13, 29, 773
List the prime factors of 26225.
5, 1049
List the prime factors of 93524.
2, 103, 227
What are the prime factors of 17935188?
2, 3, 1494599
What are the prime factors of 683712?
2, 3, 1187
What are the prime factors of 42852?
2, 3, 3571
List the prime factors of 22148941.
2687, 8243
What are the prime factors of 352092?
2, 3, 13, 37, 61
What are the prime factors of 2808614?
2, 241, 5827
What are the prime factors of 24189?
3, 11, 733
List the prime factors of 260487.
3, 103, 281
List the prime factors of 651843.
3, 23, 47, 67
List the prime factors of 10698710.
2, 5, 11, 19, 5119
List the prime factors of 9592103.
317, 30259
List the prime factors of 1453268.
2, 363317
List the prime factors of 3530089.
3530089
List the prime factors of 5446206.
2, 3, 302567
What are the prime factors of 1375216?
2, 23, 37, 101
What are the prime factors of 437547?
3, 11, 13259
List the prime factors of 59117.
31, 1907
What are the prime factors of 25830870?
2, 3, 5, 13, 107, 619
List the prime factors of 175219.
11, 17, 937
List the prime factors of 642390.
2, 3, 5, 7, 19, 23
List the prime factors of 2806219.
13, 215863
List the prime factors of 1084212.
2, 3, 10039
What are the prime factors of 3630646?
2, 1815323
List the prime factors of 5727097.
1451, 3947
List the prime factors of 2077332.
2, 3, 17, 599
What are the prime factors of 86114?
2, 7, 6151
List the prime factors of 91436.
2, 22859
What are the prime factors of 26847584?
2, 107, 7841
List the prime factors of 4495025.
5, 179801
List the prime factors of 87283.
7, 37, 337
List the prime factors of 25795862.
2, 59, 71, 3079
What are the prime factors of 1844463?
3, 19, 32359
What are the prime factors of 120865?
5, 23, 1051
What are the prime factors of 90128?
2, 43, 131
What are the prime factors of 5536314?
2, 3, 7, 6277
List the prime factors of 5448465.
3, 5, 11, 1223
List the prime factors of 953315.
5, 11, 17333
What are the prime factors of 17898302?
2, 8949151
What are the prime factors of 11871272?
2, 7, 59, 3593
List the prime factors of 1948187.
1948187
List the prime factors of 294707.
7, 42101
What are the prime factors of 291301?
37, 7873
What are the prime factors of 314270?
2, 5, 11, 2857
What are the prime factors of 2104517?
73, 127, 227
List the prime factors of 24684962.
2, 53, 232877
What are the prime factors of 1138144?
2, 7, 5081
List the prime factors of 414468.
2, 3, 29, 397
What are the prime factors of 15759659?
15759659
What are the prime factors of 30603412?
2, 7, 613, 1783
What are the prime factors of 7747463?
7747463
What are the prime factors of 197416?
2, 24677
What are the prime factors of 123428?
2, 59, 523
What are the prime factors of 261915?
3, 5, 19, 919
What are the prime factors of 18354286?
2, 9177143
What are the prime factors of 5539873?
5539873
What are the prime factors of 52839?
3, 19, 103
What are the prime factors of 14554888?
2, 1819361
What are the prime factors of 238886?
2, 31, 3853
List the prime factors of 1036738.
2, 257, 2017
What are the prime factors of 2012370?
2, 3, 5, 67079
What are the prime factors of 401988?
2, 3, 139, 241
What are the prime factors of 615964?
2, 153991
What are the prime factors of 945277?
23, 73, 563
List the prime factors of 141344.
2, 7, 631
What are the prime factors of 1882837?
11, 171167
What are the prime factors of 426576?
2, 3, 8887
List the prime factors of 5785121.
23, 251527
List the prime factors of 1194294.
2, 3, 199049
What are the prime factors of 12855715?
5, 827, 3109
List the prime factors of 11232475.
5, 449299
What are the prime factors of 1647434?
2, 823717
What are the prime factors of 612146?
2, 349, 877
List the prime factors of 6806087.
79, 101, 853
List the prime factors of 665546.
2, 7, 137, 347
List the prime factors of 8617836.
2, 3, 61, 193
List the prime factors of 2693644.
2, 673411
List the prime factors of 303106.
2, 151553
What are the prime factors of 436532?
2, 109133
List the prime factors of 553532.
2, 7, 53, 373
List the prime factors of 10008733.
7, 17, 151, 557
List the prime factors of 11035036.
2, 47, 79, 743
List the prime factors of 805866.
2, 3, 19, 7069
List the prime factors of 1702044.
2, 3, 47279
List the prime factors of 550561.
11, 50051
What are the prime factors of 136123?
13, 37, 283
What are the prime factors of 2799786?
2, 3, 11, 59, 719
What are the prime factors of 116727?
3, 13, 41, 73
What are the prime factors of 426954?
2, 3, 11, 6469
List the prime factors of 23728.
2, 1483
List the prime factors of 6234249.
3, 7, 307, 967
List the prime factors of 234918.
2, 3, 31, 421
List the prime factors of 846056.
2, 17, 6221
List the prime factors of 77079.
3, 25693
List the prime factors of 355891.
355891
What are the prime factors of 4605708?
2, 3, 17, 107, 211
List the prime factors of 219467.
219467
List the prime factors of 2420695.
5, 19, 83, 307
List the prime factors of 16473812.
2, 967, 4259
List the prime factors of 537401.
537401
What are the prime factors of 12879834?
2, 3, 11, 19, 10271
What are the prime factors of 691007?
127, 5441
List the prime factors of 12264860.
2, 5, 613243
What are the prime factors of 2195204?
2, 11, 49891
List the prime factors of 7488132.
2, 3, 173, 3607
List the prime factors of 59127.
3, 19709
List the prime factors of 4462374.
2, 3, 7, 181, 587
List the prime factors of 12487897.
241, 51817
What are the prime factors of 339841?
339841
List the prime factors of 3360441.
3, 7, 17, 9413
What are the prime factors of 1727529?
3, 179, 3217
What are the prime factors of 15639392?
2, 227, 2153
What are the prime factors of 1472309?
131, 11239
What are the prime factors of 835717?
835717
List the prime factors of 4640791.
4640791
List the prime factors of 1086108.
2, 3, 29, 3121
What are the prime factors of 1413947?
241, 5867
List the prime factors of 536285.
5, 283, 379
What are the prime factors of 153585?
3, 5, 3413
What are the prime factors of 228686?
2, 114343
What are the prime factors of 1057399?
7, 151057
List the prime factors of 12545045.
5, 613, 4093
List the prime factors of 325145.
5, 65029
List the prime factors of 6017489.
6017489
What are the prime factors of 834831?
3, 23, 37, 109
What are the prime factors of 1082668?
2, 270667
What are the prime factors of 23228?
2, 5807
What are the prime factors of 2506284?
2, 3, 11, 6329
List the prime factors of 1191556.
2, 297889
What are the prime factors of 226093?
7, 32299
List the prime factors of 6726982.
2, 3363491
What are the prime factors of 3118791?
3, 13, 211, 379
List the prime factors of 2781847.
19, 31, 4723
What are the prime factors of 7024000?
2, 5, 439
List the prime factors of 5499801.
3, 449, 1361
What are the prime factors of 72918?
2, 3, 4051
List the prime factors of 1064811.
3, 11, 41, 787
List the prime factors of 121672.
2, 67, 227
List the prime factors of 1063559.
7, 151937
List the prime factors of 3879761.
43, 90227
What are the prime factors of 8400543?
3, 23, 211, 577
List the prime factors of 2214206.
2, 31, 71, 503
What are the prime factors of 742378?
2, 7, 13, 4079
List the prime factors of 11314009.
7, 467, 3461
List the prime factors of 11648051.
23, 97, 227
List the prime factors of 610965.
3, 5, 13577
List the prime factors of 1175186.
2, 137, 4289
What are the prime factors of 2499142?
2, 197, 6343
List the prime factors of 5501697.
3, 19, 263, 367
List the prime factors of 226499.
7, 13, 19, 131
List the prime factors of 2814524.
2, 703631
List the prime factors of 492722.
2, 246361
List the prime factors of 1417128.
2, 3, 137, 431
List the prime factors of 357164.
2, 29, 3079
List the prime factors of 831434.
2, 415717
What are the prime factors of 4682205?
3, 5, 11, 1051
List the prime factors of 49201.
49201
List the prime factors of 360927.
3, 7, 17, 337
What are the prime factors of 99272?
2, 12409
What are the prime factors of 180684?
2, 3, 7, 239
